s digit of 33847 + (-6 + 1 - -5) + -11?
8
Suppose 404 = 3*o - 2*l, 4*o - 9*l + 12*l - 550 = 0. Let r = o + 387. What is the units digit of r?
3
Let a be 24/204 + 984/17. Let c(z) = 8*z**2 + z. Let b be c(-1). Let u = b + a. What is the tens digit of u?
6
Let p(l) = 35*l + 11. Let n(m) = -11 + 23 - 11. Let b(d) = -n(d) - p(d). What is the units digit of b(-5)?
3
Suppose 0 = 5*o - 2*a + 475, -2*a - 15 = a. Let y = o - -116. Suppose -14*n - 895 = -y*n. What is the units digit of n?
9
Let q(u) = -u**3 - 7*u**2 + 7*u - 5. Let l be q(-8). Let r(f) = 0*f + 0*f - 2 + l*f + 2*f. What is the tens digit of r(3)?
1
What is the ten thousands digit of 6/38 - (-109524942)/7866?
1
Suppose 147397 = 51*t - 71138. What is the thousands digit of t?
4
Let f be 3/90*4 - (-2559)/45. Suppose -9 + f = -8*t. What is the units digit of (16/(-6) - -2)/(t/621)?
9
Let x be (-3)/6*(149 + (-4 - -1)). Let m = -37 - x. Suppose -4*c + 136 = m. What is the tens digit of c?
2
Let w(z) = 3*z**2 - 34*z + 1196. What is the thousands digit of w(45)?
5
Let j be (2/6 - 12/(-18))*7. Let w(u) = u**3 - 6*u**2 + 9*u - 93. What is the units digit of w(j)?
9
Let i = -9502 + 10335. What is the hundreds digit of i?
8
Suppose 10077 = 20*b - 3823. Suppose -7*q + 6*q + b = 0. What is the units digit of q?
5
Let i(v) = -145*v - 107. What is the units digit of i(-9)?
8
Suppose 0 = 4*r + 3*o - 329845, -143593 = -2*r - 4*o + 21327. What is the tens digit of r?
6
Let w be 9*(-30)/108*-4. Suppose -n + 148 = -4*v, 0 = -2*n + 5*v - w*v + 270. What is the units digit of n?
0
Let s(t) be the third derivative of t**4/2 + 5*t**3/3 + 23*t**2. Let a be s(5). Suppose -2*r - 69 = k - 224, -k = -r + a. What is the units digit of r?
5
What is the thousands digit of (-14 - -8)/(-6) + -1 - (0 - 10219)?
0
Let q = -835 - -445. Let r = -224 - q. What is the units digit of r?
6
Let t = -10662 + 18010. What is the thousands digit of t?
7
Let q be -4 + (-27)/((-15)/5). Suppose 0 = -h + 2, -q*o + 0*o + 2*h = -1896. What is the hundreds digit of o?
3
Suppose -n + 212 - 210 = 0. Suppose -4*q + 4*o = -88, -3*q - n*q = 2*o - 117. What is the tens digit of q?
2
Let m be (472/(-4))/((-6)/12) + (-3 - -1). Suppose -3*i + 37 = -2. What is the hundreds digit of (29/3)/(i/m)?
1
Let x(z) = -286*z - 21. Let n be x(-6). Let f be n/10*(10/(-3))/(-5). Suppose 5*q = 6*q - f. What is the units digit of q?
3
Suppose 5*c = c - 68. Let l(m) = -8*m - 12. Let t(g) = g + 1. Let q(a) = l(a) + t(a). What is the hundreds digit of q(c)?
1
Let y(p) = -p**2 - 15*p - 14. Let t be y(-10). Suppose -2*d = -11*d + t. Suppose -n = -x + 12, -d*x + 3*n + 75 = 8*n. What is the tens digit of x?
1
Suppose -1245932 = -76*a - 58*a. What is the hundreds digit of a?
2
Let k(n) = 3*n**3 + 66*n**2 + 59*n + 7. What is the units digit of k(-21)?
1
Let c = 61 + -9. What is the hundreds digit of 15048/39 + -4 + 216/c?
3
Suppose 8*b - 2*u - 67798 = 0, -10*b + 5*b = u - 42385. What is the thousands digit of b?
8
Suppose 30*b - 198 = 39*b. Suppose -39 = -0*r - 3*r. Let o = r - b. What is the units digit of o?
5
Let g be (-33 + 37)*(-10)/(-4). What is the units digit of 16 - (10 - (g - 3))?
3
Let d(r) = -2*r**3 - 6*r**2 + 27*r + 39. Let l(h) = 8*h**2 + 88*h - 9. Let b be l(-11). What is the units digit of d(b)?
8
Suppose -11455*c + 11444*c + 375573 = 0. What is the hundreds digit of c?
1
Suppose -g + 5*o = -13126, 3*o = 3*g - 20028 - 19278. What is the hundreds digit of g?
0
Suppose 4*f = d - 18, -5*f + f = -3*d + 14. What is the tens digit of ((-600)/5)/(-4) - f?
3
Suppose 0 = -5*d - 91 - 234. Let q be (-10)/15 + (-521)/(-3). Let y = d + q. What is the hundreds digit of y?
1
Suppose -5*v - 57*c + 273625 = -55*c, 5*v - 273620 = -c. What is the thousands digit of v?
4
Let g(c) = -48*c - 242. Let h be g(-6). Suppose 0 = 2*o - 49*i + h*i - 637, 5*i = 25. What is the hundreds digit of o?
3
Let s = -375 + 203. Let h = 107 + s. Let i = h - -113. What is the tens digit of i?
4
Suppose i + 30*l - 14181 = 29*l, 3*i - 42515 = l. What is the ten thousands digit of i?
1
Suppose 39*l - 191981 = 22*l. What is the thousands digit of l?
1
Let w = -144 + 148. Let f be (5/6)/((-2)/(-12)). Suppose 332 = k + w*k + 4*a, -f*a = 10. What is the units digit of k?
8
Suppose -4 = g + 4*b + 3, -g = -4*b - 17. Suppose -8 = -4*u - 2*v - 2, g*v + 25 = 0. What is the units digit of 4 + (u - -98) + -3?
3
Let v be 9/18 - (-124)/8. Let k(o) = -31*o - 42*o + v*o - 9. What is the hundreds digit of k(-5)?
2
Let x = 169 - 172. Let v(d) = 12*d**2 - 10*d - 24. What is the units digit of v(x)?
4
Let k(z) be the second derivative of 61*z**3/6 + 15*z**2/2 - 70*z. What is the hundreds digit of k(8)?
5
Let j = 47 - 43. Suppose 4*k + 259 = q + j*q, 16 = 4*k. Suppose -57*u = -q*u - 10. What is the units digit of u?
5
Let d = 22219 + -7483. What is the ten thousands digit of d?
1
Suppose 18*v - 15*v = 12. Suppose 4*g + v*o = -0*o + 388, 4*g = -2*o + 378. What is the tens digit of g?
9
Suppose -4*w + 4557 + 8883 = 0. Suppose -w = 22*v - 26*v. Suppose 0 = 5*i - i - v. What is the tens digit of i?
1
Let z be 2/(-5) - 2/(-5). Suppose -4*j + 715 + 145 = z. What is the hundreds digit of j?
2
Let g = 2209 - 171. What is the tens digit of g?
3
Let j be (1 - 4)*16303/(-21) + -3. Suppose 0 = 5*r - 569 - j. What is the tens digit of r?
7
Let m = 3230 - -10507. What is the hundreds digit of m?
7
What is the units digit of ((-6560)/(-15)*-5 + 4)*(-6 - 0)?
6
Let j = 152 + 5. Let v = j + -54. What is the tens digit of v?
0
Suppose -4*s = 19240 - 65034 - 8338. What is the thousands digit of s?
3
Suppose -g + 10 = -2*u, 3*u = 3*g - 2 - 10. Let d = 1695 - 1319. What is the units digit of d/u*12/(-8)?
4
Let z = 34263 - -9213. What is the hundreds digit of z?
4
Suppose -1091 = 21*v + 2458. Let f = -131 - v. What is the units digit of f?
8
What is the thousands digit of (24951 + (-15)/25*70/(-7))/1?
4
Let r = -695 - -1258. Suppose 4*n + 712 = 3*l, 0 = -4*l + 4*n + r + 393. What is the tens digit of l?
4
Let r = -8 - -13. Let a be (-85)/(-4) + r + (-126)/24. Let q = 60 + a. What is the units digit of q?
1
Let n(j) = -2*j**2 - j + 1. Let r(y) = 4*y**2 + 2*y - 2. Let a(o) = 11*n(o) + 6*r(o). Let b be a(-1). Suppose b*u - 120 = -4*u. What is the units digit of u?
0
Suppose 2*x - 3*u = 3*x - 1834, -3*x - u = -5486. Suppose 2*o - x = -6*d + 4*d, 2*o + 3*d = 1832. What is the hundreds digit of o?
9
Let j be (-1)/((2/(-1))/(-1732)). Let o = 1503 + j. What is the units digit of o?
7
Let h = -2939 + 3874. What is the units digit of h?
5
Let j = -25 - -28. Let g be (-1)/(j*4/(-48)). Suppose -g*x = -387 - 5. What is the tens digit of x?
9
Let t = 1723 + -1183. What is the hundreds digit of (t/(-105))/((-778)/(-392) + -2)?
3
Let a = 12226 - -11541. What is the hundreds digit of a?
7
Let b = 1 + 3. Suppose 5*f - 610 = -r, 4*f + b*r = 2*f + 244. Suppose 453 = 3*g + 2*h + f, 3*h + 12 = 0. What is the tens digit of g?
1
Let u(v) = -v**2 + 6*v + 63. Let i be u(-9). What is the units digit of 54/i*368/(-1)?
6
Let u = -27144 + 40241. What is the tens digit of u?
9
Let z(s) = -2*s**3 + 37*s**2 + 4*s + 9. Let b be z(16). Let d = b - 687. What is the tens digit of d?
6
Let c = -4448 + 8534. What is the hundreds digit of c?
0
Let a(o) = -21*o + 6 - 12*o + 3*o**3 + 53*o - 18*o - 10*o**2. What is the hundreds digit of a(7)?
5
Suppose 6*g = 17 - 5. Suppose 3*k + 2 = 4*b, -k - 2 = -g*b - 0*b. Suppose -5*i - k*u = -583, -6*u + 5*u = 5*i - 584. What is the units digit of i?
7
Suppose 53*l + 139990 = 58*l + k, -4*l - 4*k = -112008. What is the ten thousands digit of l?
2
Let s = -29461 - -56119. What is the ten thousands digit of s?
2
Let i = 51 - 48. Suppose 3*g - 389 = -f - g, 4*f - i*g - 1518 = 0. What is the units digit of f?
1
What is the hundreds digit of (49 - 0)/(10989/(-1100) - -10)?
9
Let d(q) = 3*q**2 - 68*q - 1490. What is the thousands digit of d(-42)?
6
Let c be (-2)/((-4)/1991) + (-65)/130. What is the tens digit of ((-24)/(-72))/((-2)/(-18)) + c?
9
Suppose 6*m - 2*m - 5*f = 44300, -f - 44300 = -4*m. What is the tens digit of m?
7
Let i = 83 - 80. Suppose -i*z = -5*z + 2*s + 8, 1 = z - 4*s. Suppose 0 = 4*x - 8, z*x = r - 91 - 145. What is the tens digit of r?
4
Let a = -530 - -553. Suppose 16802 = a*b - 3047. What is the hundreds digit of b?
8
Suppose 3*q